{"id":1098,"date":"2015-04-23T07:42:48","date_gmt":"2015-04-23T05:42:48","guid":{"rendered":"http:\/\/www.j-lawyer.org\/?page_id=1098"},"modified":"2018-11-07T07:44:01","modified_gmt":"2018-11-07T06:44:01","slug":"task-tracker","status":"publish","type":"page","link":"https:\/\/www.j-lawyer.org\/?page_id=1098","title":{"rendered":"Wiki &#038; Tickets"},"content":{"rendered":"<p>Wiki und Tickets sind auf GitHub zu finden. Wer das <strong>Wiki bearbeiten<\/strong> oder <strong>Tickets erstellen oder bearbeiten<\/strong> m\u00f6chte, ben\u00f6tigt einen (kostenfreien) GitHub-Account. Ein lesender Zugriff ist ohne Account m\u00f6glich.<\/p>\n<p style=\"text-align: center;\">zu den <a href=\"https:\/\/github.com\/jlawyerorg\/j-lawyer-org\/issues\" target=\"_blank\" rel=\"noopener\">j-lawyer.org Tickets auf GitHub<\/a><\/p>\n<p style=\"text-align: center;\">zum <a href=\"https:\/\/github.com\/jlawyerorg\/j-lawyer-documentation\/wiki\" target=\"_blank\" rel=\"noopener\">j-lawyer.org Wiki auf GitHub<\/a><\/p>\n","protected":false},"excerpt":{"rendered":"<p>Wiki und Tickets sind auf GitHub zu finden. Wer das Wiki bearbeiten oder Tickets erstellen oder bearbeiten m\u00f6chte, ben\u00f6tigt einen (kostenfreien) GitHub-Account. Ein lesender Zugriff ist ohne Account m\u00f6glich. zu den j-lawyer.org Tickets auf GitHub zum j-lawyer.org Wiki auf GitHub<\/p>\n","protected":false},"author":5,"featured_media":0,"parent":1034,"menu_order":0,"comment_status":"closed","ping_status":"open","template":"","meta":{"_bbp_topic_count":0,"_bbp_reply_count":0,"_bbp_total_topic_count":0,"_bbp_total_reply_count":0,"_bbp_voice_count":0,"_bbp_anonymous_reply_count":0,"_bbp_topic_count_hidden":0,"_bbp_reply_count_hidden":0,"_bbp_forum_subforum_count":0,"footnotes":""},"class_list":["post-1098","page","type-page","status-publish","czr-hentry"],"_links":{"self":[{"href":"https:\/\/www.j-lawyer.org\/index.php?rest_route=\/wp\/v2\/pages\/1098","targetHints":{"allow":["GET"]}}],"collection":[{"href":"https:\/\/www.j-lawyer.org\/index.php?rest_route=\/wp\/v2\/pages"}],"about":[{"href":"https:\/\/www.j-lawyer.org\/index.php?rest_route=\/wp\/v2\/types\/page"}],"author":[{"embeddable":true,"href":"https:\/\/www.j-lawyer.org\/index.php?rest_route=\/wp\/v2\/users\/5"}],"replies":[{"embeddable":true,"href":"https:\/\/www.j-lawyer.org\/index.php?rest_route=%2Fwp%2Fv2%2Fcomments&post=1098"}],"version-history":[{"count":4,"href":"https:\/\/www.j-lawyer.org\/index.php?rest_route=\/wp\/v2\/pages\/1098\/revisions"}],"predecessor-version":[{"id":2615,"href":"https:\/\/www.j-lawyer.org\/index.php?rest_route=\/wp\/v2\/pages\/1098\/revisions\/2615"}],"up":[{"embeddable":true,"href":"https:\/\/www.j-lawyer.org\/index.php?rest_route=\/wp\/v2\/pages\/1034"}],"wp:attachment":[{"href":"https:\/\/www.j-lawyer.org\/index.php?rest_route=%2Fwp%2Fv2%2Fmedia&parent=1098"}],"curies":[{"name":"wp","href":"https:\/\/api.w.org\/{rel}","templated":true}]}}