{"id":88,"date":"2012-05-12T15:55:47","date_gmt":"2012-05-12T15:55:47","guid":{"rendered":"http:\/\/www.j-lawyer.org\/?page_id=88"},"modified":"2024-03-01T22:58:22","modified_gmt":"2024-03-01T21:58:22","slug":"installation","status":"publish","type":"page","link":"https:\/\/www.j-lawyer.org\/?page_id=88","title":{"rendered":"Installation"},"content":{"rendered":"\n            <style>\n                #mica_ecta_1.mica_ecta_layout{\n                    padding-top: 20px !important;\n                    padding-bottom: 20px !important;\n                    padding-left: 30px !important;\n                    padding-right: 30px !important;\n                    border-radius: 10px !important;\n                    background-color: #0e72b5 !important;\n                    text-align: left !important;\n                }\n\n                #mica_ecta_1 .mica_ecta_title{\n                    font-size: 28px !important;\n                    font-weight: 700 !important;\n                    color: #97bf0d !important;\n                    line-height: 1.3 !important;\n                    margin-top: 0 !important;\n                    margin-bottom: 0.5rem !important;\n                }\n\n                #mica_ecta_1 .mica_ecta_text{\n                    font-size: 16px !important;\n                    font-weight: 400 !important;\n                    color: #ffffff !important;\n                    line-height: 1.5 !important;\n                    margin-top: 0 !important;\n                    margin-bottom: 1rem !important;\n                }\n                \n                #mica_ecta_1 .mica_ecta_btn{\n                    font-size: 16px !important;\n                    font-weight: 700 !important;\n                    color: #1b1b1b !important;\n                    background-color: #97bf0d !important;\n                    padding-top: 8px !important;\n                    padding-bottom: 8px !important;\n                    padding-left: 16px !important;\n                    padding-right: 16px !important;\n                    border-radius: 6px !important;\n                    text-decoration: none !important;\n                    outline: none !important;\n                    transition: all 0.3s ease !important;\n                    margin-top: 5px !important;\n                    display: inline-block !important;\n                }\n                \n                #mica_ecta_1 .mica_ecta_btn:hover{\n                    color: #ffffff !important;\n                    background-color: #de313b !important;\n                }\n            <\/style>\n            <div id='mica_ecta_1' class='mica_ecta_layout'><h3 class='mica_ecta_title'>j-lawyer.org in der Cloud ausprobieren<\/h3><p class='mica_ecta_text'>Sie k\u00f6nnen j-lawyer.org selbst betreiben - oder Sie lassen uns das machen. Wir sind die j-lawyer-Experten!\r\n\u2713Hosting in Deutschland     \u2713Support     \u2713einfach und sicher<\/p><a href='https:\/\/j-lawyer.cloud\/cloudzugang-anfordern\/' class='mica_ecta_btn' >Kostenlos testen<\/a><\/div>\n<p><strong>Hinweis<\/strong><\/p>\n<p>Sie k\u00f6nnen j-lawyer &#8211; Server und Client auf unterschiedlichen Betriebssystemen betreiben.<\/p>\n<p><a title=\"Installation Linux\" href=\"http:\/\/www.j-lawyer.org\/?page_id=93\">Installationsanleitungen Linux<\/a><\/p>\n<p><a title=\"Installation Windows\" href=\"http:\/\/www.j-lawyer.org\/?page_id=100\">Installationsanleitungen Windows<\/a><\/p>\n<p><a title=\"Installation Mac OS X\" href=\"http:\/\/www.j-lawyer.org\/?page_id=355\">Installationsanleitungen Mac OS X<\/a><\/p>\n<p>Wenn Sie j-lawyer.org installieren lassen m\u00f6chten oder anderweitigen Beratungsbedarf haben, finden Sie hier entsprechende Kontakte und <a href=\"http:\/\/www.j-lawyer.org\/?page_id=1119\">Dienstleistungen rund um j-lawyer.org<\/a>.<\/p>\n<p><strong>Systemvoraussetzungen<\/strong><\/p>\n<p>Server<\/p>\n<ul>\n<li>CPU: mindestens Dualcore 2GHz<\/li>\n<li>RAM: mindestens 8GB, empfohlen 16GB<\/li>\n<li>Festplatte: zwingend SSD, mindestens 250GB &#8211; das Programm ben\u00f6tigt ca. 600MB, f\u00fcr Akten, Adressen und Dokumente wird ausreichend Speicherplatz empfohlen &#8211; je nach anfallendem Datenvolumen und Anzahl der Nutzer<\/li>\n<li>Betriebssystem: unterst\u00fctzt werden alle 64Bit-Systeme, f\u00fcr welche Java verf\u00fcgbar ist, also u.a. Mac, Linux, Windows. Installationsanleitungen gibt es speziell f\u00fcr Windows und Ubuntu Linux.<\/li>\n<\/ul>\n<p>Client<\/p>\n<ul>\n<li>CPU: mindestens Dualcore 2GHz<\/li>\n<li>RAM: mindestens 8GB, empfohlen 16GB<\/li>\n<li>Festplatte: keine besonderen Voraussetzungen &#8211; das Programm ben\u00f6tigt 300MB, die Daten liegen ausschlie\u00dflich auf dem Server vor<\/li>\n<li>Betriebssystem: unterst\u00fctzt werden alle Systeme, f\u00fcr welche Java verf\u00fcgbar ist, also u.a. Mac (ab Version &#8222;Monterey&#8220;), Linux, Windows. Installationsanleitungen gibt es speziell f\u00fcr Windows und Ubuntu Linux.<\/li>\n<li>Anzeige: mindestens 13&#8243;-Display, empfohlen 15&#8243; oder mehr. Aufl\u00f6sung mindestens 1400 horizontal.<\/li>\n<\/ul>\n<p>Server und Client auf dem selben Ger\u00e4t betreiben:<\/p>\n<ul>\n<li>CPU: mindestens Dualcore 2,5GHz, empfohlen ist ein Quadcore-System!<\/li>\n<li>RAM: mindestens 16GB<\/li>\n<\/ul>\n","protected":false},"excerpt":{"rendered":"<p>Hinweis Sie k\u00f6nnen j-lawyer &#8211; Server und Client auf unterschiedlichen Betriebssystemen betreiben. Installationsanleitungen Linux Installationsanleitungen Windows Installationsanleitungen Mac OS X Wenn Sie j-lawyer.org installieren lassen m\u00f6chten oder anderweitigen Beratungsbedarf haben, finden Sie hier entsprechende Kontakte und Dienstleistungen rund um j-lawyer.org. Systemvoraussetzungen Server CPU: mindestens Dualcore 2GHz RAM: mindestens 8GB, empfohlen 16GB Festplatte: zwingend SSD, mindestens [&hellip;]<\/p>\n","protected":false},"author":1,"featured_media":0,"parent":8,"menu_order":5,"comment_status":"closed","ping_status":"open","template":"","meta":{"_bbp_topic_count":0,"_bbp_reply_count":0,"_bbp_total_topic_count":0,"_bbp_total_reply_count":0,"_bbp_voice_count":0,"_bbp_anonymous_reply_count":0,"_bbp_topic_count_hidden":0,"_bbp_reply_count_hidden":0,"_bbp_forum_subforum_count":0,"footnotes":""},"class_list":["post-88","page","type-page","status-publish","czr-hentry"],"_links":{"self":[{"href":"https:\/\/www.j-lawyer.org\/index.php?rest_route=\/wp\/v2\/pages\/88","targetHints":{"allow":["GET"]}}],"collection":[{"href":"https:\/\/www.j-lawyer.org\/index.php?rest_route=\/wp\/v2\/pages"}],"about":[{"href":"https:\/\/www.j-lawyer.org\/index.php?rest_route=\/wp\/v2\/types\/page"}],"author":[{"embeddable":true,"href":"https:\/\/www.j-lawyer.org\/index.php?rest_route=\/wp\/v2\/users\/1"}],"replies":[{"embeddable":true,"href":"https:\/\/www.j-lawyer.org\/index.php?rest_route=%2Fwp%2Fv2%2Fcomments&post=88"}],"version-history":[{"count":17,"href":"https:\/\/www.j-lawyer.org\/index.php?rest_route=\/wp\/v2\/pages\/88\/revisions"}],"predecessor-version":[{"id":5918,"href":"https:\/\/www.j-lawyer.org\/index.php?rest_route=\/wp\/v2\/pages\/88\/revisions\/5918"}],"up":[{"embeddable":true,"href":"https:\/\/www.j-lawyer.org\/index.php?rest_route=\/wp\/v2\/pages\/8"}],"wp:attachment":[{"href":"https:\/\/www.j-lawyer.org\/index.php?rest_route=%2Fwp%2Fv2%2Fmedia&parent=88"}],"curies":[{"name":"wp","href":"https:\/\/api.w.org\/{rel}","templated":true}]}}